uppose b*l - 68 = 3*l. Suppose o - l = -14. What is the units digit of o?
0
Suppose 7*l = 21*l - 910. Let w(i) = 5*i**2 + 6*i - 1. Let z be w(-5). Let t = z - l. What is the units digit of t?
9
Let i(r) = -41*r + 269. What is the units digit of i(-9)?
8
Suppose -n - 3*n + w = -25, n - 2*w = 8. Suppose n*u = 72 + 78. What is the tens digit of u?
2
Let l(g) = g**2 - 4*g. Let z be l(3). Let q = -8 + 11. What is the units digit of 58 - (z/(-3) - q)?
0
Suppose t + 2 - 6 = 0. Suppose -t = 5*p - 39. Suppose -5*s - 20 = -p*s. What is the tens digit of s?
1
Let p(h) = -12*h - 1. Let l(f) = -4 - 5 - f + 2 + 5. Let z be l(0). What is the units digit of p(z)?
3
Suppose -21 = -3*y - 3*a, 4*a - 24 = -4*y + a. Suppose -4*i = 51 - 131. Suppose y*m - 19 = i. What is the tens digit of m?
1
Let f(w) = 27*w**2 + 2*w - 4. Suppose -4*c = 3 + 5, -2*y + 10 = -3*c. What is the hundreds digit of f(y)?
1
Let k = 32 - 27. Suppose k*d = 4 + 36. Suppose -4 + d = 4*g. What is the units digit of g?
1
Let o = 34 + -32. Let q(t) = 18*t**2 + t + 3. What is the tens digit of q(o)?
7
Let p = -10 - -10. Let n = 2 + p. Suppose 3*c - 59 = -5*z, -2*c - 13 + 35 = n*z. What is the tens digit of z?
1
Let f = -20 + 20. Suppose f = -p - 0*p, 3*p = 3*h - 18. Suppose h*x - 3 = 3*x. What is the units digit of x?
1
Let a = -287 + 441. What is the units digit of a?
4
Let u(o) = 20*o - 17. Let i be 795/255 + (-4)/34. What is the units digit of u(i)?
3
Suppose -562*o - 3064 = -564*o. What is the thousands digit of o?
1
Let t be (2/(-4))/((-2)/(-28)). Let a = t - -10. Suppose 0*m - 4*f = -a*m + 11, -2*m - 2 = -5*f. What is the units digit of m?
9
Let i(t) = -33 - 14*t + 20 + 2*t**2 + t + 16. Suppose -25 = -3*q - 3*d + 4*d, 2*d - 4 = 0. What is the tens digit of i(q)?
4
Let g(j) = j + 25. Let o be g(17). Suppose -43*i + o*i = -4. Suppose 1 = -3*u - 2*w + i*w, -u - 3*w = -18. What is the units digit of u?
3
Let a(i) = -i**3 + 12*i**2 + i - 3. Let d be a(5). Suppose 4*l = -2*w + 484, w - 8 = -3*w. Let g = d - l. What is the units digit of g?
7
Suppose -8*k + 5770 = -5182. What is the thousands digit of k?
1
Let z = 55 + -11. Let a = z + 85. What is the units digit of a?
9
Suppose -j + 2*a + 11 = 0, -4*j = -j + 5*a. Suppose 2*g + k = -2*k + 221, -4*k + 222 = 2*g. Suppose -j*f + 1 = -g. What is the units digit of f?
2
Suppose -6*i - 1 = -5*i. Let a be (i/(-2))/((-2)/(-4)). What is the units digit of (-2)/a*(-9 + -4)?
6
Let l = -28 + 30. Suppose l*p + 5*u = -0*u + 155, 0 = p + 5*u - 70. What is the units digit of p?
5
Let o be (159/3)/1 + 3. Suppose -188 = -6*k - o. What is the units digit of k?
2
Let l be -1 + 6/1 - 0. Let v(g) = 7*g + 12. Let w be v(4). Suppose -l*c + 170 = w. What is the units digit of c?
6
Suppose -13*y = -24*y + 14080. What is the hundreds digit of y?
2
Suppose -2*s + 45 = 3*s. Suppose 0 = -5*h - 129 + s. Let q = 40 + h. What is the units digit of q?
6
What is the units digit of (0 - 957/(-4)) + (-36)/144?
9
Let i be 5*4*1/4. Let f be i*(78/10 - -2). What is the tens digit of 1*(f/1 - 1)?
4
Suppose 8*f - 5544 = 3000. What is the hundreds digit of f?
0
Let y = 100 + -65. Let a be 4/(-14) - (-675)/y. What is the tens digit of a*2*(-5)/(-10)?
1
Let n be (-78)/(-4) + 5/(-10). Let p = 17 - n. What is the units digit of 17/p*(-2 + 0)?
7
Suppose -q = -g - 615, -g + 1 = -3. What is the units digit of q?
9
Suppose 0 = 24*n - 14*n - 7600. What is the hundreds digit of n?
7
Suppose -4*x = -2*c + 1078 - 4202, 3*x + 3*c = 2334. What is the tens digit of x?
8
Suppose 5*h - 5*d = 0, -4*h + d + 6 = -h. Suppose -3*v + 5*i + 160 = -0*v, -3*v + 192 = h*i. What is the units digit of v?
0
Let x(c) = -2*c - 13. Let w be x(-11). Suppose 3*s + 4 = -w*g + 4*g, -g - 2*s = 5. What is the units digit of (-3 - -4)/(g/31)?
1
Suppose -64*i + 62*i = -2616. What is the thousands digit of i?
1
Suppose -2*c + c - 909 = -2*n, n + 3*c - 451 = 0. Let a = -309 + n. Let r = a - 101. What is the tens digit of r?
4
Suppose 0 = -30*n + 1159 + 1661. What is the tens digit of n?
9
Suppose 0 = 4*h + 5*s + 17, -3*s - 1 = 2*h + 2*s. What is the units digit of (-385)/(-9) + h/(-36)?
3
Let m(b) = 176*b + 4. Let r be m(2). Suppose -4*d + k = -276, -5*d + 4*k = -0*k - r. What is the units digit of d?
8
Suppose -p - 28 = 3*d, -3*p = 5*d - d + 74. Let g = p + 31. Suppose -g*j = -7*j - 84. What is the units digit of j?
2
Let v = 247 + -108. What is the hundreds digit of v?
1
Let a = -1 - -4. Suppose -4*x = a*l + 141 + 290, 2*l = -2. What is the tens digit of (-38)/133 + x/(-7)?
1
Let x(o) = 5*o**2 + 17*o - 52. What is the thousands digit of x(13)?
1
Let l = 2 + -17. Let a = l - -20. Suppose 0 = -a*y - 2*m + 5*m + 156, -2*y - 5*m + 50 = 0. What is the units digit of y?
0
Let t(z) = 294*z + 72. What is the tens digit of t(4)?
4
Let i(t) = 4*t**2 + 14*t - 2. What is the tens digit of i(7)?
9
What is the thousands digit of ((-82040)/(-30))/(-7)*-3?
1
Suppose 0 = 2*n + 290 + 160. Let g = n + 321. Suppose -t + 107 = 5*j - 3*t, -t + g = 4*j. What is the tens digit of j?
2
Suppose 77*y - 11661 = 64*y. What is the units digit of y?
7
Suppose 0 = 6*p - 1196 - 2626. Suppose u + 6*u = p. What is the units digit of u?
1
Let r = -77 - -529. What is the tens digit of r?
5
Let a(w) = -22*w**3 + 5*w**2 + 9*w + 5. What is the hundreds digit of a(-3)?
6
Suppose -3*h = -a - 5, -4*a + h + 3*h - 20 = 0. Suppose 2*i - 8 = 0, 47*i - 48*i = 3*k + 80. Let x = a - k. What is the tens digit of x?
2
Let c(g) = -g**2 - 9*g + 22. Let x be c(-11). Suppose x = -3*d - 4*b + 112, 4*d + b - 156 = -b. What is the tens digit of d?
4
Let m(s) = -2*s**2 + 0*s**2 + 3*s**2. Let o(g) = 3*g**2 + g + 4. Let h(q) = -2*m(q) + o(q). What is the units digit of h(0)?
4
Let y = 85 + -161. Let u be (-6)/36 - 100/(-24). What is the tens digit of -2*(y/u - -4)?
3
Let i = 2 + -3. Let u be (-7)/(i*(-3)/(-6)). Let z = u - 10. What is the units digit of z?
4
Let y be 8 - (-12)/(-3 + -1). Suppose y*v = 15, -3*v = -u - 8*v + 156. What is the tens digit of u?
4
Suppose 0 = -4*l + l + 723. Suppose -1311 = -5*f - l. Let s = f - 150. What is the tens digit of s?
6
Let t be 0*((-2)/4 - 0). Suppose -3*o + o + 82 = t. Let q = 62 - o. What is the units digit of q?
1
Let u(a) = a**2 - 4*a. Let i be u(4). Suppose -2*y + i + 12 = 0. Let b = y + 10. What is the tens digit of b?
1
Let f(m) = -m**2 - 21*m - 13. Let i = -21 + 8. Let v be f(i). Suppose 5*w + v = 6*k - 2*k, 3*k - 3*w - 72 = 0. What is the units digit of k?
9
Let m = 24 + -14. Let p(t) = -m - 9 - 6*t + 4. What is the tens digit of p(-13)?
6
Let g(f) = 175*f - 1. What is the tens digit of g(9)?
7
Let a = 16 + -16. Suppose -w + 5 = -l, -w - l + 1 + a = 0. Suppose -2*g - 5*f = -66, w*g - 2*g - 2*f = 24. What is the tens digit of g?
2
Let q(f) be the third derivative of f**5/20 + f**4/4 + 7*f**3/2 - 9*f**2. What is the tens digit of q(-9)?
1
Suppose t + t + 10 = 0, 3*t = 3*x - 36. Suppose 0 = j - 2, x*j - 3*j = 4*u - 336. What is the units digit of u?
6
Let g(h) = -h**3 - 13*h + 2410. What is the units digit of g(0)?
0
What is the units digit of (715*(6 + -4))/(1 - -1)?
5
Let s(d) = -d**3 - 9*d**2 + 12*d + 11. Let u be s(-10). Let l = 7 + u. What is the units digit of (-3)/((2/l)/6)?
8
Suppose -1684 = -2*z - 4*u, 3*z = -2*u + 998 + 1536. What is the hundreds digit of z?
8
Let s = -198 - -345. What is the hundreds digit of s?
1
Let t(i) = -2*i - 5. Let x be t(-6). Let c be (-6)/(-8) + x/28. Suppose -3*d = k - 5 - c, -2*k + 40 = -d. What is the tens digit of k?
1
Let c(h) = 127*h. What is the hundreds digit of c(1)?
1
Let d be (74/(-6) - -1)*(-6)/4. Let r(u) = 6*u - 4. What is the tens digit of r(d)?
9
Let u = -1352 - -2578. What is the thousands digit of u?
1
Suppose 0 = 4*k - 8, 7*k = -5*w + 11*k + 3442. What is the hundreds digit of w?
6
Suppose 4*j - 24 = d, 0*d = -j - 4*d - 11. Let g = 48 - j. What is the tens digit of g?
4
Suppose y - 3*p = p + 732, -3*y + 2271 = 3*p. What is the hundreds digit of y?
7
Suppose 2*g + 26620 = -5180. What is the tens digit of (-2)/9 - g/108?
4
Let v(n) = n**3 - 5*n**2 + 1. Let o be v(5). Let t be (2/o)/((-10)/125). What is the tens digit of (20/t)/((-3)/165)?
4
Suppose -5*n + 983 + 497 = 0. What is the units digit of n?
6
Let w = 6 + -4. What is the units digit of (-1724)/(-52) - w/13?
3
Suppose -q = 5*o - 54